{"id":2,"date":"2005-11-23T20:39:25","date_gmt":"2005-11-23T14:39:25","guid":{"rendered":""},"modified":"2024-09-08T11:26:01","modified_gmt":"2024-09-08T09:26:01","slug":"about","status":"publish","type":"page","link":"http:\/\/teatres.org\/bloc\/about\/","title":{"rendered":"Nosaltres \/ Nosotros \/ About us"},"content":{"rendered":"\n<div style=\"height:50px\" aria-hidden=\"true\" class=\"wp-block-spacer\"><\/div>\n\n\n\n<div class=\"wp-block-columns alignwide has-border-color has-black-border-color is-layout-flex wp-container-core-columns-is-layout-1 wp-block-columns-is-layout-flex\" style=\"border-width:1px\">\n<div class=\"wp-block-column is-layout-flow wp-block-column-is-layout-flow\" style=\"flex-basis:20%\">\n<h1 class=\"wp-block-heading has-text-align-right\">Nosaltres<\/h1>\n\n\n\n<figure class=\"wp-block-image size-large is-resized\"><img loading=\"lazy\" decoding=\"async\" width=\"1014\" height=\"1024\" src=\"http:\/\/teatres.org\/bloc\/wp-content\/uploads\/2024\/07\/LOGOTAT3-1-1014x1024.png\" alt=\"\" class=\"wp-image-2764\" style=\"width:227px;height:auto\" srcset=\"http:\/\/teatres.org\/bloc\/wp-content\/uploads\/2024\/07\/LOGOTAT3-1-1014x1024.png 1014w, http:\/\/teatres.org\/bloc\/wp-content\/uploads\/2024\/07\/LOGOTAT3-1-297x300.png 297w, http:\/\/teatres.org\/bloc\/wp-content\/uploads\/2024\/07\/LOGOTAT3-1-150x150.png 150w, http:\/\/teatres.org\/bloc\/wp-content\/uploads\/2024\/07\/LOGOTAT3-1-768x775.png 768w, http:\/\/teatres.org\/bloc\/wp-content\/uploads\/2024\/07\/LOGOTAT3-1-1521x1536.png 1521w, http:\/\/teatres.org\/bloc\/wp-content\/uploads\/2024\/07\/LOGOTAT3-1-122x123.png 122w, http:\/\/teatres.org\/bloc\/wp-content\/uploads\/2024\/07\/LOGOTAT3-1.png 1955w\" sizes=\"(max-width: 1014px) 100vw, 1014px\" \/><\/figure>\n<\/div>\n\n\n\n<div class=\"wp-block-column is-layout-flow wp-block-column-is-layout-flow\" style=\"flex-basis:80%\">\n<p>Som Aina i Joan, <strong>T\u00e9 a tres<\/strong>, i aquest bloc \u00e9s el nostre mitj\u00e0 per a publicar tots aquells projectes, not\u00edcies, comentaris, descubriments, idees i d&#8217;altres apunts que poguem tenir.<\/p>\n\n\n\n<p><strong>T\u00e9 a tres<\/strong> \u00e9s una companyia teatral mallorquina, fundada l&#8217;any 2002, que treballa tant el teatre per a adults com per a totes les edats. Treballam el clown teatral,&nbsp; textual i gestual.<\/p>\n\n\n\n<p>Els nostres espectacles actualment en repertori s\u00f3n:<br>P\u00fablic familiar:<em> <a href=\"http:\/\/teatres.org\/bloc\/?page_id=866\">Contarelles<\/a><\/em><em>, <a href=\"http:\/\/teatres.org\/bloc\/?page_id=1804\">La Bibliomaleteca<\/a><\/em><em> i <a href=\"http:\/\/teatres.org\/bloc\/?page_id=1866\">L<\/a><\/em><em><a href=\"http:\/\/teatres.org\/bloc\/?page_id=1866\">a Deixalleria<\/a>.<br><\/em>P\u00fablic jove i adult: <em><a href=\"http:\/\/teatres.org\/bloc\/?page_id=649\">Creative Commons<\/a>, <a href=\"http:\/\/teatres.org\/bloc\/?page_id=1835\">Pamboli amb Clown<\/a><\/em><em> i <\/em><em><a href=\"http:\/\/teatres.org\/bloc\/?page_id=1008\">Carton<\/a> (en preparaci\u00f3 una nova versi\u00f3).<\/em><\/p>\n\n\n\n<p>Tamb\u00e9 hem treballat un seguit de peces c\u00f2miques breus adequades a tem\u00e0tiques socioeducatives:<br>\u2013 <em>Endrecem la casa<\/em>, programa de foment de la corresponsabilitat en les feines de la llar. \u00c0rea d&#8217;Igualtat de l&#8217;Ajuntament de Palma (Mallorca).<br>\u2013<em> Taller Dramatitzat d&#8217;Educaci\u00f3 Nutricional<\/em>, duit a terme, juntament amb la nutricionista Gabriela N. Nicola, dins els programes de divulgaci\u00f3 nutricional de l&#8217;\u00c0rea de Sanitat de l&#8217;Ajuntament de Palma i de l&#8217;Ajuntament de Llucmajor (Mallorca).<br>\u2013 Pe\u00e7a de presentaci\u00f3 del programa educatiu <em>Recull de Literatura Jove<\/em>, promogut per l&#8217;\u00c0rea d&#8217;Educaci\u00f3 de l&#8217;Ajuntament de Palma (Mallorca).<\/p>\n\n\n\n<h4 class=\"wp-block-heading\">Programes institucionals educatius i culturals a on participam o hem participat:<\/h4>\n\n\n\n<p>\u2013<em> Viu la Cultura<\/em> (Govern Balear).<br>\u2013 <em>Palma Educa<\/em> (Ajuntament de Palma).<br>\u2013 <em>Tot i Molt<\/em> (Ajuntament de Palma).<br>\u2013 <em>Iniciativa als Instituts<\/em> (Consell de Mallorca).<br>\u2013 <em>Xarxa de Biblioteques<\/em> (Consell de Mallorca).<br>\u2013 <em>Cultura en Xarxa<\/em> (Consell de Mallorca).<br>\u2013 Activitats Educatives de la Fundaci\u00f3 Casa Museu Lloren\u00e7 Villalonga \/ Sa Nostra.<br>&#8211; Castell de Bellver (Ajuntament de Palma), amb la nostra participaci\u00f3 en la visita guiada <em>Hist\u00f2ria contada, hist\u00f2ria creada.<\/em><\/p>\n\n\n\n<h4 class=\"wp-block-heading\">Festivals i fires:<\/h4>\n\n\n\n<p>Als darrers anys, T\u00e9 a tres ha participat als seg\u00fcents festivals i fires teatrals:<br>&#8211; <em>Fira de Teatre Infantil i Juvenil de Vilafranca de Bonany<\/em> 2004 (Mallorca \u2013 Illes Balears).<br>&#8211; <em>Festival Internacional de Pallasses d\u2019Andorra<\/em> 2005.<br>&#8211; <em>Mostra de Pallassos d\u2019Alzira<\/em> 2006 (Val\u00e8ncia).<br>&#8211; <em>Fira de Teatre de Manacor<\/em> 2006 (Mallorca \u2013 Illes Balears).<br>&#8211; <em>Setmana del Pallasso de Castellar del Vall\u00e8s<\/em> 2008 (Catalunya).<br>&#8211; <em>Magiclown<\/em> 2008 (Eivissa \u2013 Illes Balears).<br>&#8211; <em>Clownin<\/em> 2008 (<em>II Festival Internacional de pallasses de Viena) &#8211;<\/em> (Viena, \u00c0ustria).<br>&#8211; <em>5\u00ba Festival Clown de Campanar<\/em> 2009 (Val\u00e8ncia).<br>&#8211; <em>Festival du Cheylard \u201cLes Articul\u00e9s\u201d<\/em> 2009 (Fran\u00e7a).<br>&#8211; <em>Festival Internacional de Comicidade Feminina &#8211; \u201cEsse Monte de Mulher Palha\u00e7a\u201d 2012. (Rio de Janeiro, Brasil).<\/em><br>&#8211; <em>Clownin 2012 (IV Festival Internacional de pallasses de Viena)<\/em> &#8211; (Viena, \u00c0ustria).<br>&#8211; <em>Fira de Teatre Infantil i Juvenil de Vilafranca de Bonany<\/em> 2013 (Mallorca \u2013 Illes Balears).<br>&#8211; <em>Festival Internacional de Palha\u00e7as de Recife &#8211; Palha\u00e7aria 2014.<\/em> Recife (Pernambuco, Brasil).<br>&#8211; Fira B. Institut d\u2019Estudis Bale\u00e0rics. (Mallorca \u2013 Illes Balears). <a href=\"http:\/\/www.firab.org\" target=\"_blank\" rel=\"noreferrer noopener\">firab.org<\/a> .<br>&#8211; FIET &#8211; Fira de Teatre Infantil i Juvenil de Vilafranca de Bonany 2015 (Mallorca \u2013 Illes Balears). <a href=\"http:\/\/fiet.cat\" target=\"_blank\" rel=\"noreferrer noopener\">fiet.cat<\/a> .<br>&#8211; 1r. Festival Internacional d\u2019Impro de Balears. 2015 <a href=\"http:\/\/fiib.es\" target=\"_blank\" rel=\"noreferrer noopener\">fiib.es<\/a>.<br>&#8211; 18\u00e8 Festival International de Teresetes de Mallorca 2016.&nbsp;<a href=\"http:\/\/www.elasticnou.com\/festivalteresetes\/\" target=\"_blank\" rel=\"noreferrer noopener\">elasticnou.com\/festivalteresetes<\/a><br>&#8211; 3r Festival Internacional de Pallasses &#8211; Circ Cric 2016. Montseny Sant Esteve de Palautordera. Catalunya.&nbsp;<a href=\"http:\/\/circcric.com\/festival-de-pallasses\/\" target=\"_blank\" rel=\"noreferrer noopener\">circcric.com\/festival-de-pallasses<\/a><\/p>\n<\/div>\n<\/div>\n\n\n\n<div style=\"height:50px\" aria-hidden=\"true\" class=\"wp-block-spacer\"><\/div>\n\n\n\n<div class=\"wp-block-columns alignwide has-border-color has-black-border-color is-layout-flex wp-container-core-columns-is-layout-2 wp-block-columns-is-layout-flex\" style=\"border-width:1px\">\n<div class=\"wp-block-column is-layout-flow wp-block-column-is-layout-flow\" style=\"flex-basis:20%\">\n<h1 class=\"wp-block-heading has-text-align-right\">Nosotros<\/h1>\n\n\n\n<figure class=\"wp-block-image size-large is-resized\"><img loading=\"lazy\" decoding=\"async\" width=\"1014\" height=\"1024\" src=\"http:\/\/teatres.org\/bloc\/wp-content\/uploads\/2024\/07\/LOGOTAT3-1-1014x1024.png\" alt=\"\" class=\"wp-image-2764\" style=\"width:227px;height:auto\" srcset=\"http:\/\/teatres.org\/bloc\/wp-content\/uploads\/2024\/07\/LOGOTAT3-1-1014x1024.png 1014w, http:\/\/teatres.org\/bloc\/wp-content\/uploads\/2024\/07\/LOGOTAT3-1-297x300.png 297w, http:\/\/teatres.org\/bloc\/wp-content\/uploads\/2024\/07\/LOGOTAT3-1-150x150.png 150w, http:\/\/teatres.org\/bloc\/wp-content\/uploads\/2024\/07\/LOGOTAT3-1-768x775.png 768w, http:\/\/teatres.org\/bloc\/wp-content\/uploads\/2024\/07\/LOGOTAT3-1-1521x1536.png 1521w, http:\/\/teatres.org\/bloc\/wp-content\/uploads\/2024\/07\/LOGOTAT3-1-122x123.png 122w, http:\/\/teatres.org\/bloc\/wp-content\/uploads\/2024\/07\/LOGOTAT3-1.png 1955w\" sizes=\"(max-width: 1014px) 100vw, 1014px\" \/><\/figure>\n<\/div>\n\n\n\n<div class=\"wp-block-column is-layout-flow wp-block-column-is-layout-flow\" style=\"flex-basis:80%\">\n<p>Somos Aina y Juan, <strong>T\u00e9 a tres<\/strong>, y este bloc es nuestro medio para publicar todos aquellos projectos, noticias, comentarios, descubrimientos, ideas y otros apuntes que podamos tener.<\/p>\n\n\n\n<p><strong>T\u00e9 a tres<\/strong> es una compa\u00f1\u00eda teatral mallorquina, fundada el a\u00f1o 2002, que trabaja tanto el teatro para adultos como para todas las edades. Trabajamos el clown teatral,&nbsp; textual y gestual.<\/p>\n\n\n\n<p>Nuestros espect\u00e1culos actualmente en repertorio son:<br>P\u00fablico familiar:<em> <a href=\"http:\/\/teatres.org\/bloc\/?page_id=866&amp;lang=ES\">Contarelles<\/a><\/em><em>, <a href=\"http:\/\/teatres.org\/bloc\/?page_id=1804&amp;lang=ES\">La Bibliomaleteca<\/a><\/em><em> y <a href=\"http:\/\/teatres.org\/bloc\/?page_id=1866&amp;lang=ES\">L<\/a><\/em><em><a href=\"http:\/\/teatres.org\/bloc\/?page_id=1866&amp;lang=ES\">a Desecher\u00eda<\/a>.<\/em><br>P\u00fablico joven y adulto: <em><a href=\"http:\/\/teatres.org\/bloc\/?page_id=649&amp;lang=ES\">Creative Commons<\/a>, <a href=\"http:\/\/teatres.org\/bloc\/?page_id=1835&amp;lang=ES\">Pamboli amb Clown<\/a><\/em><em> y <\/em><em><a href=\"http:\/\/teatres.org\/bloc\/?page_id=1008&amp;lang=ES\">Carton<\/a> (en preparaci\u00f3n una nueva versi\u00f3n).<\/em><\/p>\n\n\n\n<p>Tambi\u00e9n hemos trabajado una serie de piezas c\u00f3micas breves adecuadas a tem\u00e1ticas socioeducativas:<\/p>\n\n\n\n<p>\u2013 <em>Endrecem la casa (Arreglemos la casa)<\/em>, programa de fomento de la corresponsabilidad en las tareas del hogar. \u00c1rea de Igualdad del Ajuntament de Palma (Mallorca).<br>\u2013<em> Taller Dramatitzat d&#8217;Educaci\u00f3 Nutricional<\/em>, llevado a t\u00e9rmino juntamente con la nutricionista Gabriela N. Nicola, dentro de los programas de divulgaci\u00f3n nutricional del \u00c1rea de Sanidad del Ajuntament de Palma y del Ajuntament de Llucmajor (Mallorca).<br>\u2013 Pieza de presentaci\u00f3n del programa educativo&nbsp;<em>Recull de Literatura Jove<\/em>, promovido por el \u00c1rea d&#8217;Educaci\u00f3n del Ajuntament de Palma (Mallorca).<\/p>\n\n\n\n<h4 class=\"wp-block-heading\">Programas institucionales educativos y culturales en los que participamos o hemos participado:<\/h4>\n\n\n\n<p>\u2013<em> Viu la Cultura<\/em> (Govern Balear).<br>\u2013 <em>Palma Educa<\/em> (Ajuntament de Palma).<br>\u2013 <em>Tot i Molt<\/em> (Ajuntament de Palma).<br>\u2013 <em>Iniciativa als Instituts<\/em> (Consell de Mallorca).<br>\u2013 <em>Xarxa de Biblioteques<\/em> (Consell de Mallorca).<br>\u2013 <em>Cultura en Xarxa<\/em> (Consell de Mallorca).<br>\u2013 Actividades educativas de la Fundaci\u00f3 Casa Museu Lloren\u00e7 Villalonga \/ Sa Nostra.<br>&#8211; Castell de Bellver (Ajuntament de Palma), con nuestra participaci\u00f3n en la visita guiada <em>Hist\u00f2ria contada, hist\u00f2ria creada.<\/em><\/p>\n\n\n\n<h4 class=\"wp-block-heading\">Festivales y ferias:<\/h4>\n\n\n\n<p>En los \u00faltimos a\u00f1os, T\u00e9 a tres ha participado en los siguientes festivales y ferias teatrales:<br>&#8211; <em>Fira de Teatre Infantil i Juvenil de Vilafranca de Bonany<\/em> 2004. Mallorca \u2013 Illes Balears. Espa\u00f1a.<br>&#8211; <em>Festival Internacional de Pallasses d\u2019Andorra<\/em> 2005. Andorra.<br>&#8211; <em>Mostra de Pallassos d\u2019Alzira<\/em> 2006. Val\u00e8ncia, Espa\u00f1a.<br>&#8211; <em>Fira de Teatre de Manacor<\/em> 2006. Mallorca \u2013 Illes Balears, Espa\u00f1a.<br>&#8211; <em>Setmana del Pallasso de Castellar del Vall\u00e8s<\/em> 2008. Catalunya, Espa\u00f1a.<br>&#8211; <em>Magiclown<\/em> 2008. Eivissa \u2013 Illes Balears, Espa\u00f1a.<br>&#8211; <em>Clownin<\/em> 2008 (<em>II Festival Internacional de payasas de Viena) &#8211;<\/em> Viena, Austria.<br>&#8211; <em>5\u00ba Festival Clown de Campanar<\/em> 2009. Val\u00e8ncia, Spain.<br>&#8211; <em>Festival du Cheylard \u201cLes Articul\u00e9s\u201d<\/em> 2009. L&#8217;Ard\u00eache,&nbsp;Fran\u00e7a.<br>&#8211; <em>Festival Internacional de Comicidade Feminina &#8211; \u201cEsse Monte de Mulher Palha\u00e7a\u201d 2012. Rio de Janeiro, Brasil.<\/em><br>&#8211; <em>Clownin 2012 (IV Festival Internacional de payasas de Viena)<\/em> &#8211; Viena, Austria.<br>&#8211; <em>Fira de Teatre Infantil i Juvenil de Vilafranca de Bonany<\/em> 2013. Mallorca \u2013 Illes Balears, Espa\u00f1a.<br>&#8211; <em>Festival Internacional de Palha\u00e7as de Recife &#8211; Palha\u00e7aria 2014.<\/em> Recife. Pernambuco, Brasil.<br>&#8211; Fira B. Institut d\u2019Estudis Bale\u00e0rics. (Mallorca \u2013 Illes Balears). <a href=\"http:\/\/www.firab.org\" target=\"_blank\" rel=\"noreferrer noopener\">firab.org<\/a> .<br>&#8211; FIET &#8211; Fira de Teatre Infantil i Juvenil de Vilafranca de Bonany 2015 (Mallorca \u2013 Illes Balears). <a href=\"http:\/\/fiet.cat\" target=\"_blank\" rel=\"noreferrer noopener\">fiet.cat<\/a> .<br>&#8211; 1r. Festival Internacional d\u2019Impro de Balears. 2015 <a href=\"http:\/\/fiib.es\" target=\"_blank\" rel=\"noreferrer noopener\">fiib.es<\/a>.<br>&#8211; 18\u00e8 Festival International de Teresetes de Mallorca 2016.&nbsp;<a href=\"http:\/\/www.elasticnou.com\/festivalteresetes\/\" target=\"_blank\" rel=\"noreferrer noopener\">elasticnou.com\/festivalteresetes<\/a><br>&#8211; 3r Festival Internacional de Pallasses &#8211; Circ Cric 2016. Montseny Sant Esteve de Palautordera. Catalunya.&nbsp;<a href=\"http:\/\/circcric.com\/festival-de-pallasses\/\" target=\"_blank\" rel=\"noreferrer noopener\">circcric.com\/festival-de-pallasses<\/a><\/p>\n<\/div>\n<\/div>\n\n\n\n<div style=\"height:50px\" aria-hidden=\"true\" class=\"wp-block-spacer\"><\/div>\n\n\n\n<div class=\"wp-block-columns alignwide has-border-color has-black-border-color is-layout-flex wp-container-core-columns-is-layout-3 wp-block-columns-is-layout-flex\" style=\"border-width:1px\">\n<div class=\"wp-block-column is-layout-flow wp-block-column-is-layout-flow\" style=\"flex-basis:20%\">\n<h1 class=\"wp-block-heading has-text-align-right\">About us<\/h1>\n\n\n\n<figure class=\"wp-block-image size-large is-resized\"><img loading=\"lazy\" decoding=\"async\" width=\"1014\" height=\"1024\" src=\"http:\/\/teatres.org\/bloc\/wp-content\/uploads\/2024\/07\/LOGOTAT3-1-1014x1024.png\" alt=\"\" class=\"wp-image-2764\" style=\"width:227px;height:auto\" srcset=\"http:\/\/teatres.org\/bloc\/wp-content\/uploads\/2024\/07\/LOGOTAT3-1-1014x1024.png 1014w, http:\/\/teatres.org\/bloc\/wp-content\/uploads\/2024\/07\/LOGOTAT3-1-297x300.png 297w, http:\/\/teatres.org\/bloc\/wp-content\/uploads\/2024\/07\/LOGOTAT3-1-150x150.png 150w, http:\/\/teatres.org\/bloc\/wp-content\/uploads\/2024\/07\/LOGOTAT3-1-768x775.png 768w, http:\/\/teatres.org\/bloc\/wp-content\/uploads\/2024\/07\/LOGOTAT3-1-1521x1536.png 1521w, http:\/\/teatres.org\/bloc\/wp-content\/uploads\/2024\/07\/LOGOTAT3-1-122x123.png 122w, http:\/\/teatres.org\/bloc\/wp-content\/uploads\/2024\/07\/LOGOTAT3-1.png 1955w\" sizes=\"(max-width: 1014px) 100vw, 1014px\" \/><\/figure>\n<\/div>\n\n\n\n<div class=\"wp-block-column is-layout-flow wp-block-column-is-layout-flow\" style=\"border-style:none;border-width:0px;flex-basis:80%\">\n<p>We are Aina and Juan, <strong>T\u00e9 a tres<\/strong>, and this blog is our way to publish all the scenic projects, news, comments, discoveries, ideas, and so on, that we have.<\/p>\n\n\n\n<p><strong>T\u00e9 a tres<\/strong> is a theater company, founded in 2002 in Majorca (Spain). The company works theater for different sort of audiences (Adult, Children, Youth). We work theater clown,&nbsp; textual and gesture.<\/p>\n\n\n\n<p>Our on repertory shows are:<br>Family audience: <em><a href=\"http:\/\/teatres.org\/bloc\/?page_id=866&amp;lang=en\">Contarelles<\/a>, <a href=\"http:\/\/teatres.org\/bloc\/?page_id=1804&amp;lang=en\">La Bibliomaleteca<\/a> y <a href=\"http:\/\/teatres.org\/bloc\/?page_id=1866&amp;lang=en\">La Desecher\u00eda<\/a>.<\/em><br>Young and adult audience: <em><a href=\"http:\/\/teatres.org\/bloc\/?page_id=649&amp;lang=en\">Creative Commons<\/a>, <a href=\"http:\/\/teatres.org\/bloc\/?page_id=1835&amp;lang=en\">Pamboli amb Clown<\/a> y <a href=\"http:\/\/teatres.org\/bloc\/?page_id=1008&amp;lang=en\">Carton<\/a> (coming soon a new version).<\/em><\/p>\n\n\n\n<p>We have created some comical brief pieces for different socio-educational themes:<\/p>\n\n\n\n<p>\u2013 <em>Nino the clown cleans the house<\/em>: a 25 minutes long sketch staged in schools as an introduction to the educational program Let\u2019s divide it of the Educational Dinamics Department of Palma Council.<br>\n\u2013 <em>Theatrical Workshop of Nutritional Education<\/em>: Along the school year 2005-06, the nutritionist Gabriela N. Nicola and T\u00e9 a tres created a project of theatrical workshop on nutritional education in which the bases of a correct nutrition from the nutritional pyramid and the Mediterranean diet were shown to the children through the correct and reliable information of someone as is a nutritionist and through laughter by the clown. With the support of the Sanitation Department of Palma and Llucmajor Councils.<br>\u2013 Presenting Sketch for the Educational program&nbsp;<em>Recull de Literatura Jove<\/em>, for the Education Area of the Ajuntament de Palma (Mallorca).<\/p>\n\n\n\n<h4 class=\"wp-block-heading\">We also have collaborated with public institutions in some cultural and educational programs:<\/h4>\n<br>\u2013 <em>Viu la Cultura<\/em> (Live the Culture) &#8211; Balearic Government<br>\u2013 <em>Palma Educa<\/em> &#8211;\u00a0 Palma Council<br>\u2013 <em>Tot i Molt<\/em> (Everything and So Much) &#8211; Palma Council<br>\u2013 <em>Iniciativa als Instituts<\/em> (Initiatives at High Schools) &#8211; Consell de Mallorca<br>\u2013 <em>Xarxa de Biblioteques<\/em> (Library Net) &#8211; Consell de Mallorca<br>\u2013 <em>Cultura en Xarxa<\/em> (Culture in Net) &#8211; Consell de Mallorca<br>\u2013 Educational Activities of the Casa Museu Lloren\u00e7 Villalonga Foundation \/ Sa Nostra<br>\u2013 Castell de Bellver (Ajuntament de Palma), with our participation in the guided visit <em>History recounted, story created.<\/em><\/p>\n\n<h4 class=\"wp-block-heading\">Fairs and Festivals:<\/h4>\n\n\n<p>&#8211; Fira de Teatre Infantil i Juvenil de Vilafranca de Bonany 2004 (Vilafranca de Bonany2004 Theater Fair for Youth and Children). Majorca \u2013 Illes Balears &#8211; Spain.<br>&#8211; Festival Internacional de Pallasses d\u2019Andorra 2005 (Andorra 2005 Clown Women International Festival). Andorra.<br>&#8211; Mostra de Pallassos d\u2019Alzira 2006&nbsp; (Alzira 2006 Clown Festival). Valencia \u2013 Spain.\u2013 Fira de Teatre de Manacor 2006 (Manacor 2006 Theater Fair). Mallorca \u2013 Illes Balears \u2013 Spain.<br>&#8211; Setmana del Pallasso de Castellar del Vall\u00e8s 2008 (Castellar del Vall\u00e8s 2008 Clown Week). Catalonia \u2013 Spain.<br>&#8211; Magiclown 2008. Eivissa \u2013 Illes Balears \u2013 Spain.<br>&#8211; II International Clown Women Festival &#8211; Clownin 2008. Vienna &#8211; Austria.<br>&#8211; 5\u00ba Festival Clown de Campanar 2009 (Campanar 2009 5th Clown Festival). Valencia &#8211; Spain.<br>&#8211; Festival du Cheylard \u201cLes Articul\u00e9s\u201d 2009. L&#8217;Ard\u00eache, France.<br>&#8211; Festival Internacional de Comicidade Feminina &#8211; \u201cEsse Monte de Mulher Palha\u00e7a\u201d 2012. Rio de Janeiro, Brasil.<br>&#8211;&nbsp;International Women&#8217;s Clown Festival &#8211; \u00abClownin\u00bb 2012. Vienna, Austria.<br>&#8211; <em>Fira de Teatre Infantil i Juvenil de Vilafranca de Bonany<\/em> 2013. Mallorca \u2013 Illes Balears, Spain.<br>&#8211; <em>Festival Internacional de Palha\u00e7as de Recife &#8211; Palha\u00e7aria 2014.<\/em> Recife. Pernambuco, Brasil.<br>&#8211; Fira B. Institut d\u2019Estudis Bale\u00e0rics. (Mallorca \u2013 Illes Balears). <a href=\"http:\/\/www.firab.org\" target=\"_blank\" rel=\"noreferrer noopener\">firab.org<\/a> .<br>&#8211; FIET &#8211; Fira de Teatre Infantil i Juvenil de Vilafranca de Bonany 2015 (Mallorca \u2013 Illes Balears). <a href=\"http:\/\/fiet.cat\" target=\"_blank\" rel=\"noreferrer noopener\">fiet.cat<\/a> .<br>&#8211; 1r. Festival Internacional d\u2019Impro de Balears. 2015 <a href=\"http:\/\/fiib.es\" target=\"_blank\" rel=\"noreferrer noopener\">fiib.es<\/a>.<br>&#8211; 18\u00e8 Festival International de Teresetes de Mallorca 2016.&nbsp;<a href=\"http:\/\/www.elasticnou.com\/festivalteresetes\/\" target=\"_blank\" rel=\"noreferrer noopener\">elasticnou.com\/festivalteresetes<\/a><br>&#8211; 3r Festival Internacional de Pallasses &#8211; Circ Cric 2016. Montseny Sant Esteve de Palautordera. Catalunya.&nbsp;<a href=\"http:\/\/circcric.com\/festival-de-pallasses\/\" target=\"_blank\" rel=\"noreferrer noopener\">circcric.com\/festival-de-pallasses<\/a><\/p>\n\n<\/div>\n<\/div>\n\n\n\n<div style=\"height:50px;width:0px\" aria-hidden=\"true\" class=\"wp-block-spacer wp-container-content-1\"><\/div>\n<\/div>\n","protected":false},"excerpt":{"rendered":"<p>Nosaltres Som Aina i Joan, T\u00e9 a tres, i aquest bloc \u00e9s el nostre mitj\u00e0 per a publicar tots aquells [&hellip;]<\/p>\n","protected":false},"author":1,"featured_media":0,"parent":0,"menu_order":1,"comment_status":"closed","ping_status":"closed","template":"","meta":{"site-sidebar-layout":"default","site-content-layout":"","ast-site-content-layout":"","site-content-style":"default","site-sidebar-style":"default","ast-global-header-display":"","ast-banner-title-visibility":"","ast-main-header-display":"","ast-hfb-above-header-display":"","ast-hfb-below-header-display":"","ast-hfb-mobile-header-display":"","site-post-title":"disabled","ast-breadcrumbs-content":"","ast-featured-img":"","footer-sml-layout":"","theme-transparent-header-meta":"","adv-header-id-meta":"","stick-header-meta":"","header-above-stick-meta":"","header-main-stick-meta":"","header-below-stick-meta":"","astra-migrate-meta-layouts":"default","ast-page-background-enabled":"default","ast-page-background-meta":{"desktop":{"background-color":"var(--ast-global-color-4)","background-image":"","background-repeat":"repeat","background-position":"center center","background-size":"auto","background-attachment":"scroll","background-type":"","background-media":"","overlay-type":"","overlay-color":"","overlay-opacity":"","overlay-gradient":""},"tablet":{"background-color":"","background-image":"","background-repeat":"repeat","background-position":"center center","background-size":"auto","background-attachment":"scroll","background-type":"","background-media":"","overlay-type":"","overlay-color":"","overlay-opacity":"","overlay-gradient":""},"mobile":{"background-color":"","background-image":"","background-repeat":"repeat","background-position":"center center","background-size":"auto","background-attachment":"scroll","background-type":"","background-media":"","overlay-type":"","overlay-color":"","overlay-opacity":"","overlay-gradient":""}},"ast-content-background-meta":{"desktop":{"background-color":"var(--ast-global-color-5)","background-image":"","background-repeat":"repeat","background-position":"center center","background-size":"auto","background-attachment":"scroll","background-type":"","background-media":"","overlay-type":"","overlay-color":"","overlay-opacity":"","overlay-gradient":""},"tablet":{"background-color":"var(--ast-global-color-5)","background-image":"","background-repeat":"repeat","background-position":"center center","background-size":"auto","background-attachment":"scroll","background-type":"","background-media":"","overlay-type":"","overlay-color":"","overlay-opacity":"","overlay-gradient":""},"mobile":{"background-color":"var(--ast-global-color-5)","background-image":"","background-repeat":"repeat","background-position":"center center","background-size":"auto","background-attachment":"scroll","background-type":"","background-media":"","overlay-type":"","overlay-color":"","overlay-opacity":"","overlay-gradient":""}},"footnotes":""},"class_list":["post-2","page","type-page","status-publish","hentry"],"jetpack_sharing_enabled":true,"_links":{"self":[{"href":"http:\/\/teatres.org\/bloc\/wp-json\/wp\/v2\/pages\/2"}],"collection":[{"href":"http:\/\/teatres.org\/bloc\/wp-json\/wp\/v2\/pages"}],"about":[{"href":"http:\/\/teatres.org\/bloc\/wp-json\/wp\/v2\/types\/page"}],"author":[{"embeddable":true,"href":"http:\/\/teatres.org\/bloc\/wp-json\/wp\/v2\/users\/1"}],"replies":[{"embeddable":true,"href":"http:\/\/teatres.org\/bloc\/wp-json\/wp\/v2\/comments?post=2"}],"version-history":[{"count":60,"href":"http:\/\/teatres.org\/bloc\/wp-json\/wp\/v2\/pages\/2\/revisions"}],"predecessor-version":[{"id":2833,"href":"http:\/\/teatres.org\/bloc\/wp-json\/wp\/v2\/pages\/2\/revisions\/2833"}],"wp:attachment":[{"href":"http:\/\/teatres.org\/bloc\/wp-json\/wp\/v2\/media?parent=2"}],"curies":[{"name":"wp","href":"https:\/\/api.w.org\/{rel}","templated":true}]}}